z*s = 28 - 82. What is the units digit of s?
8
Let f(t) = -t**2 - 17*t + 44. What is the units digit of f(-18)?
6
Suppose -28*n + 315 = -23*n. What is the units digit of n?
3
Let s = 261 + -126. What is the hundreds digit of s?
1
Suppose 0 = 2*v - v - 4*y + 9, 5*y - 41 = -3*v. What is the units digit of v?
7
Let f(x) = 4*x**2 - 3*x - 2. Let r be f(4). Let d be (-45)/(-10) + 3/6. Suppose -5*q - d*k + r = 0, -5*q - 2*k + 4 + 40 = 0. What is the units digit of q?
8
Let a = 8 + -13. Let o = 12 + a. What is the units digit of o?
7
Suppose -2*p = -3*p + 30. What is the units digit of p?
0
Suppose -110 = -5*x - 5*j, -2*j + j + 73 = 4*x. What is the units digit of x?
7
Let l(q) = -2*q**3. Let b be l(-1). Suppose -20 = -3*y - b*y. Suppose 0 = -3*c + y*c - 5. What is the units digit of c?
5
Suppose 5*f = -3*j + 30, 8 = 5*j - 17. Suppose -3*q - 16 = 5*r, 0 = f*q - 2*q - r - 8. Suppose -q*l = -29 - 4. What is the tens digit of l?
1
Let v(q) = -4*q**3 + q**2. Suppose 9 = -3*r + 3*u, 0 = -4*r + u - 2*u - 2. What is the units digit of v(r)?
5
Let x(f) = -15*f - 4. What is the hundreds digit of x(-12)?
1
Suppose 0 = -3*d + 9*d - 18. What is the units digit of d?
3
Let p(x) = -10*x**2 + 23*x - 7. Let n(a) = 2*a + 0*a - 4*a**2 - 3*a**2 - 5 + 13*a. Let l(y) = -7*n(y) + 5*p(y). What is the units digit of l(7)?
1
Suppose 3*k + 0 = -9. Let a be 1*(2/(-2) - k). Suppose -3*p - 3*n = -63, a*n = 3*p + 3*n - 67. What is the tens digit of p?
2
Let r = -3 - 4. Let q = r - -35. What is the tens digit of q?
2
Let a = -46 + 30. What is the units digit of 12/a*(-5 - -1)?
3
Let s(o) = o**3 + 8*o**2 + 7*o + 10. Let w be s(-7). What is the units digit of ((-4)/w)/(6/(-90))?
6
Let g(b) = 3*b**2 + 2*b + 1. Suppose -6*c - 6 = -3*c. What is the units digit of g(c)?
9
Let c be -2 + 2 + 36 + 3. Suppose -c = -3*l - 0*l. What is the tens digit of l?
1
What is the units digit of (10 - -10)*(-26)/(-5)?
4
Let v = -23 - -68. Let k be v/6*4/5. What is the units digit of 7 + 6/(k/(-2))?
5
Suppose -38 = -5*w + 47. What is the tens digit of w?
1
Suppose 2*h + 2*h - 16 = 0. What is the units digit of h/(-10) - 64/(-10)?
6
Let y = -3 + 2. Let q = y - -1. Suppose -5*u - 4*v + 71 = 0, q*u - 2*u + 4*v = -34. What is the units digit of u?
5
Suppose -4*y = -5 - 19. Let s be 1 + -3 + y + 1. Suppose -s*c = 3*m - 34, 0 - 21 = -2*m - 3*c. What is the units digit of m?
3
Suppose -5*b - 5 = -0*b. What is the units digit of 0 + b + 6/2?
2
Let c(i) = -i**2 - 2*i. Let y be c(-3). What is the units digit of ((-24)/9 + 1)*y?
5
Suppose 0 = 3*m + 4*w - 4 - 137, 0 = 4*m + 2*w - 198. What is the units digit of m?
1
Let t = -20 - -31. Suppose 3*l - t = 13. Suppose 0 = -6*w + 2*w + l. What is the units digit of w?
2
Suppose -2*z + 247 = -5*r + 9, 3*r = z - 120. What is the units digit of z?
4
Let j(x) = 48*x**2 - 3*x + 2. What is the units digit of j(1)?
7
Let s be (8/3)/(1/3). Let b(n) be the second derivative of -n**5/20 + 3*n**4/4 - 3*n**3/2 + 5*n**2 + 13*n. What is the units digit of b(s)?
2
What is the tens digit of -1*2 - (5 - 22)?
1
Suppose i - 11 = -2*o, o + 19 - 52 = 5*i. Let a = o - -1. What is the units digit of a?
9
Let t be (-5)/15 - (-98)/6. What is the units digit of (t/10)/(2/40)?
2
Suppose i + 9 = 5*i + a, i + 5*a = -12. Suppose 2*j - i = j. Suppose -j*q - q = -24. What is the units digit of q?
6
Let n(k) = 7*k + 4. What is the units digit of n(6)?
6
What is the units digit of -6 - (4 + -6) - -32?
8
Let x(y) = -y**3 - y**2 - 4*y - 1. What is the units digit of x(-4)?
3
Let j(s) = 3*s + 15. Let p be j(-12). Let g be 4/(-14) - 405/p. Suppose -l + g = -0*l. What is the units digit of l?
9
Suppose 4*o = 3*l - 65 - 8, -o = -5. What is the tens digit of l?
3
Suppose -3*y = -4*d + 1, 4*y - 4 = -d + 20. Suppose -2*r - 95 = -7*r + 5*w, d*r - 64 = -2*w. What is the tens digit of r?
1
Let n(c) = -c**3 + 6*c**2 - 4*c - 5. Let m be n(4). Let t(b) = -b - 1. Let d be t(-3). Suppose -5*l = j - 16, -j = -d*l - 2*l + m. What is the units digit of l?
3
Let u = 26 + 9. What is the units digit of u?
5
Let b be 3/(-6)*(-4 + 0). Suppose 3*n - 3*o = -18, 27 = -5*n + b*o + 2*o. Let w = 8 - n. What is the units digit of w?
1
Let a = 222 - 114. Suppose -4*w + a = 4*c, 3*c - 96 = -4*w + 5*c. What is the units digit of w?
5
Suppose -5*s - 2*w + 2 = -5*w, -2 = -3*s + w. What is the units digit of s?
1
Suppose -2*w = -2 + 6. What is the units digit of 752/24 - w/(-6)?
1
What is the units digit of (45/25)/((-2)/(-70))?
3
Suppose -2*i = 3*i - 210. What is the tens digit of i?
4
Let b(s) = s + 7. Let q(p) = -p**2 - 12*p + 4. Let r be q(-11). Suppose 2*v + 1 = -5*h + r, 0 = 4*v + h - 28. What is the units digit of b(v)?
4
Let y(p) = 20*p + 1. What is the units digit of y(3)?
1
Let i(r) = -r**3 + 2*r**2 - 3*r - 3. Let n be i(3). Let j = n + 28. What is the units digit of j?
7
Suppose -h + 22 = -18. What is the tens digit of h?
4
Suppose 0 = 4*a - 137 - 475. What is the hundreds digit of a?
1
Let i(l) = -l**3 + 21*l**2 - 20*l + 14. What is the tens digit of i(20)?
1
Suppose -k + 6*k = 3*j - 25, -3*k = 3*j - 9. Suppose 4 = j*g - 51. What is the tens digit of g?
1
Suppose -65 = -0*i - 5*i. What is the tens digit of i*1 - (-3 + 5)?
1
Let m = 11 + -10. What is the units digit of m?
1
Suppose o + 4*t = 69, t = -2*o - 0*t + 103. What is the tens digit of o?
4
Suppose 33*d - 31*d = 96. What is the units digit of d?
8
Let a(u) = u**3 + 4*u**2 - 2*u - 1. Let q be a(-4). Let r(y) = 6*y + 4. What is the units digit of r(q)?
6
Suppose 3*v + 16 = 2*p, 0 = 2*v + p + 21 - 1. Let u(l) = l**2 + 9*l + 5. Let r be u(v). Let f = 6 + r. What is the units digit of f?
3
Let a = -298 + 459. What is the tens digit of a?
6
Let n = 8 - 9. What is the units digit of (5 + (-2 - n))/2?
2
Let u(x) = -4*x**2 + 6*x - 4. Let v(z) = -z**3 - z**2 + z. Let f(y) = u(y) + v(y). Let r be f(-6). What is the tens digit of (r/(-8))/((-2)/(-24))?
1
Let q = 10 - 11. Suppose 2*m + 3*h + 7 = 26, 4*h = m + 18. Let i = m - q. What is the units digit of i?
3
Suppose 106 = -2*r + 396. What is the hundreds digit of r?
1
Let w = 5 + 0. Suppose 2*n - w*j - 79 = 9, -2*n + 88 = j. What is the tens digit of n?
4
Let h = 131 - 70. What is the tens digit of h?
6
Let l(s) = s**2 + 7*s. Let c be l(-7). What is the units digit of -3 + 8 - (c + -3)?
8
Let p(c) be the second derivative of c**4/12 - 5*c**3/6 + 7*c**2/2 - 2*c. What is the tens digit of p(6)?
1
Suppose 7 = 4*z - 13. Let l(v) = -v**3 + 6*v**2 - 3*v - 7. What is the units digit of l(z)?
3
Let g = -39 + 62. What is the tens digit of g?
2
Let c(g) = 14*g. What is the units digit of c(1)?
4
Let j(n) = -n**3 + n**2 - 2*n + 7. What is the units digit of j(0)?
7
Let l be (24/(-16))/((-3)/14). Suppose 3*m - p - 2 = 0, 5*m + 4*p = l*p - 2. What is the units digit of m?
2
Let m = 16 - 15. Let i(s) = 16*s**3. What is the tens digit of i(m)?
1
Let z(l) = l**2 - l + 4. Let x be z(5). Let p = x + 19. Let y = -28 + p. What is the tens digit of y?
1
Let f = 14 + -1. Suppose 0*t = 4*t. Suppose -3*o = 4*c - t*o - f, 4*c = 3*o + 19. What is the units digit of c?
4
Suppose -p - 4*p = 0. Suppose 2*a - 9 = -3*w - p, w = -3*a + 3. What is the units digit of w?
3
Let a be (-4)/((-4)/2) - 2. Let z be 2 + -1*2 - a. Suppose 3*t + z*t = 27. What is the units digit of t?
9
Suppose 0 = -3*f - 4 + 13. Suppose 2*s - f*y - 10 = -2*y, -5*s - 4*y = -38. What is the units digit of s?
6
Suppose 2 - 5 = -3*g. Let n(v) = v + 1. Let b(x) = 2*x**2 - 7*x - 5. Let y(c) = g*b(c) + 4*n(c). What is the units digit of y(3)?
8
Let a = 5 + -4. Let g(u) = 23*u**2 - u. What is the units digit of g(a)?
2
Suppose 0*b = -2*b - 6, -3*q + b = -39. Suppose 0*o = -4*o + q. What is the units digit of o?
3
Let z(q) = -2*q**3 - 2*q**2 - 3*q + 4*q**3 - 3*q**3 + 4 - 5*q**2. Let s be z(-4). Let u = -12 - s. What is the units digit of u?
0
Let n(y) = -y. Let d be n(-6). What is the units digit of (2/d)/(1/9)?
3
Let q = 2 + -2. Let a = q - -8. What is the units digit of a?
8
Let s be (-4)/3*9/(-6). Suppose 6*i = s*i + 80. What is the tens digit of i?
2
Let r(p) = p - 3. Let u be r(0). Let o = u - 2. What is the units digit of (-3)/o*(-10)/(-2)?
3
Suppose z = -0*z + 35. Let s = z + -25. What is the units digit of s?
0
Let q = -5 - -8. Let w = q - 1. Suppose 5*i - 10 = 0, w*x + 18 = 4*x + 3*i. What 